{"id":271,"date":"2018-04-13T16:06:57","date_gmt":"2018-04-13T14:06:57","guid":{"rendered":"http:\/\/www.pedagogia.it\/digituslab\/?page_id=271"},"modified":"2021-06-30T14:41:47","modified_gmt":"2021-06-30T12:41:47","slug":"ecoles","status":"publish","type":"page","link":"https:\/\/www.pedagogia.it\/digituslab-fr\/ecoles\/","title":{"rendered":"\u00e9coles"},"content":{"rendered":"<div class=\"wpb-content-wrapper\"><p>[vc_row][vc_column][vc_column_text]<strong>\u00cates-vous un enseignant passionn\u00e9 de technologie?<\/strong><br \/>\n<strong>Voulez-vous offrir \u00e0 vos \u00e9tudiants une exp\u00e9rience totalement unique et innovante?<\/strong><\/p>\n<p>Stripes Digitus Lab propose des activit\u00e9s \u00e9ducatives et \u00e9ducatives pour les \u00e9coles de tous niveaux.<br \/>\nDes laboratoires et des parcours de formation en classe ou \u00e0 l&#8217;int\u00e9rieur m\u00eame du Centre o\u00f9 les enfants et les jeunes peuvent passer une journ\u00e9e d\u00e9di\u00e9e \u00e0 la robotique et \u00e0 la technologie.<\/p>\n<p>Pour plus d&#8217;informations contactez-nous en \u00e9crivant \u00e0 <a href=\"mailto:digituslab@pedagogia.it\">digituslab@pedagogia.it<\/a>[\/vc_column_text][vc_separator sep_color=&#8221;accent&#8221;][vc_row_inner][vc_column_inner width=&#8221;1\/4&#8243;][vc_button button_color=&#8221;accent&#8221; wide=&#8221;yes&#8221; border_width=&#8221;0&#8243; link=&#8221;url:https%3A%2F%2Fwww.pedagogia.it%2Fdigituslab%2Fattivita-scuola-dellinfanzia%2F|||&#8221;]Attivit\u00e0<br \/>\nScuola dell&#8217;Infanzia[\/vc_button][\/vc_column_inner][vc_column_inner width=&#8221;1\/4&#8243;][vc_button button_color=&#8221;color-dfgh&#8221; wide=&#8221;yes&#8221; border_width=&#8221;0&#8243; link=&#8221;url:https%3A%2F%2Fwww.pedagogia.it%2Fdigituslab%2Fattivita-scuola-primaria%2F|||&#8221;]Attivit\u00e0<br \/>\nScuola Primaria[\/vc_button][\/vc_column_inner][vc_column_inner width=&#8221;1\/4&#8243;][vc_button button_color=&#8221;color-iopl&#8221; wide=&#8221;yes&#8221; border_width=&#8221;0&#8243; link=&#8221;url:https%3A%2F%2Fwww.pedagogia.it%2Fdigituslab%2Fattivita-scuola-secondaria-di-i-grado%2F|||&#8221;]Attivit\u00e0<br \/>\nScuola Secondaria di I grado[\/vc_button][\/vc_column_inner][vc_column_inner width=&#8221;1\/4&#8243;][vc_button button_color=&#8221;color-zsdf&#8221; wide=&#8221;yes&#8221; border_width=&#8221;0&#8243; link=&#8221;url:https%3A%2F%2Fwww.pedagogia.it%2Fdigituslab%2Fattivita-scuola-secondaria-di-ii-grado%2F|||&#8221;]Attivit\u00e0<br \/>\nScuola Secondaria di II grado[\/vc_button][\/vc_column_inner][\/vc_row_inner][\/vc_column][\/vc_row]<\/p>\n<\/div>","protected":false},"excerpt":{"rendered":"<p>[vc_row][vc_column][vc_column_text]\u00cates-vous un enseignant passionn\u00e9 de technologie? Voulez-vous offrir \u00e0 vos \u00e9tudiants une exp\u00e9rience totalement unique et innovante? Stripes Digitus Lab [&hellip;]<\/p>\n","protected":false},"author":164,"featured_media":1541,"parent":0,"menu_order":0,"comment_status":"closed","ping_status":"closed","template":"","meta":{"footnotes":""},"class_list":["post-271","page","type-page","status-publish","has-post-thumbnail","hentry"],"yoast_head":"<!-- This site is optimized with the Yoast SEO plugin v27.5 - https:\/\/yoast.com\/product\/yoast-seo-wordpress\/ -->\n<title>\u00e9coles - FR-Stripes Digitus Lab<\/title>\n<meta name=\"robots\" content=\"index, follow, max-snippet:-1, max-image-preview:large, max-video-preview:-1\" \/>\n<link rel=\"canonical\" href=\"https:\/\/www.pedagogia.it\/digituslab-fr\/ecoles\/\" \/>\n<meta property=\"og:locale\" content=\"it_IT\" \/>\n<meta property=\"og:type\" content=\"article\" \/>\n<meta property=\"og:title\" content=\"\u00e9coles - FR-Stripes Digitus Lab\" \/>\n<meta property=\"og:description\" content=\"[vc_row][vc_column][vc_column_text]\u00cates-vous un enseignant passionn\u00e9 de technologie? Voulez-vous offrir \u00e0 vos \u00e9tudiants une exp\u00e9rience totalement unique et innovante? Stripes Digitus Lab [&hellip;]\" \/>\n<meta property=\"og:url\" content=\"https:\/\/www.pedagogia.it\/digituslab-fr\/ecoles\/\" \/>\n<meta property=\"og:site_name\" content=\"FR-Stripes Digitus Lab\" \/>\n<meta property=\"article:modified_time\" content=\"2021-06-30T12:41:47+00:00\" \/>\n<meta property=\"og:image\" content=\"https:\/\/www.pedagogia.it\/digituslab-fr\/wp-content\/uploads\/sites\/9\/2018\/07\/201804scuole.jpg\" \/>\n\t<meta property=\"og:image:width\" content=\"1974\" \/>\n\t<meta property=\"og:image:height\" content=\"913\" \/>\n\t<meta property=\"og:image:type\" content=\"image\/jpeg\" \/>\n<meta name=\"twitter:card\" content=\"summary_large_image\" \/>\n<meta name=\"twitter:label1\" content=\"Tempo di lettura stimato\" \/>\n\t<meta name=\"twitter:data1\" content=\"1 minuto\" \/>\n<script type=\"application\/ld+json\" class=\"yoast-schema-graph\">{\"@context\":\"https:\\\/\\\/schema.org\",\"@graph\":[{\"@type\":\"WebPage\",\"@id\":\"https:\\\/\\\/www.pedagogia.it\\\/digituslab-fr\\\/ecoles\\\/\",\"url\":\"https:\\\/\\\/www.pedagogia.it\\\/digituslab-fr\\\/ecoles\\\/\",\"name\":\"\u00e9coles - FR-Stripes Digitus Lab\",\"isPartOf\":{\"@id\":\"https:\\\/\\\/www.pedagogia.it\\\/digituslab-fr\\\/#website\"},\"primaryImageOfPage\":{\"@id\":\"https:\\\/\\\/www.pedagogia.it\\\/digituslab-fr\\\/ecoles\\\/#primaryimage\"},\"image\":{\"@id\":\"https:\\\/\\\/www.pedagogia.it\\\/digituslab-fr\\\/ecoles\\\/#primaryimage\"},\"thumbnailUrl\":\"https:\\\/\\\/www.pedagogia.it\\\/digituslab-fr\\\/wp-content\\\/uploads\\\/sites\\\/9\\\/2018\\\/07\\\/201804scuole.jpg\",\"datePublished\":\"2018-04-13T14:06:57+00:00\",\"dateModified\":\"2021-06-30T12:41:47+00:00\",\"breadcrumb\":{\"@id\":\"https:\\\/\\\/www.pedagogia.it\\\/digituslab-fr\\\/ecoles\\\/#breadcrumb\"},\"inLanguage\":\"it-IT\",\"potentialAction\":[{\"@type\":\"ReadAction\",\"target\":[\"https:\\\/\\\/www.pedagogia.it\\\/digituslab-fr\\\/ecoles\\\/\"]}]},{\"@type\":\"ImageObject\",\"inLanguage\":\"it-IT\",\"@id\":\"https:\\\/\\\/www.pedagogia.it\\\/digituslab-fr\\\/ecoles\\\/#primaryimage\",\"url\":\"https:\\\/\\\/www.pedagogia.it\\\/digituslab-fr\\\/wp-content\\\/uploads\\\/sites\\\/9\\\/2018\\\/07\\\/201804scuole.jpg\",\"contentUrl\":\"https:\\\/\\\/www.pedagogia.it\\\/digituslab-fr\\\/wp-content\\\/uploads\\\/sites\\\/9\\\/2018\\\/07\\\/201804scuole.jpg\",\"width\":1974,\"height\":913},{\"@type\":\"BreadcrumbList\",\"@id\":\"https:\\\/\\\/www.pedagogia.it\\\/digituslab-fr\\\/ecoles\\\/#breadcrumb\",\"itemListElement\":[{\"@type\":\"ListItem\",\"position\":1,\"name\":\"Home\",\"item\":\"https:\\\/\\\/www.pedagogia.it\\\/digituslab-fr\\\/\"},{\"@type\":\"ListItem\",\"position\":2,\"name\":\"\u00e9coles\"}]},{\"@type\":\"WebSite\",\"@id\":\"https:\\\/\\\/www.pedagogia.it\\\/digituslab-fr\\\/#website\",\"url\":\"https:\\\/\\\/www.pedagogia.it\\\/digituslab-fr\\\/\",\"name\":\"FR-Stripes Digitus Lab\",\"description\":\"Centre international de la recherche et de l&#039;innovation sur la robotique \u00e9ducative et technologies num\u00e9riques\",\"potentialAction\":[{\"@type\":\"SearchAction\",\"target\":{\"@type\":\"EntryPoint\",\"urlTemplate\":\"https:\\\/\\\/www.pedagogia.it\\\/digituslab-fr\\\/?s={search_term_string}\"},\"query-input\":{\"@type\":\"PropertyValueSpecification\",\"valueRequired\":true,\"valueName\":\"search_term_string\"}}],\"inLanguage\":\"it-IT\"}]}<\/script>\n<!-- \/ Yoast SEO plugin. -->","yoast_head_json":{"title":"\u00e9coles - FR-Stripes Digitus Lab","robots":{"index":"index","follow":"follow","max-snippet":"max-snippet:-1","max-image-preview":"max-image-preview:large","max-video-preview":"max-video-preview:-1"},"canonical":"https:\/\/www.pedagogia.it\/digituslab-fr\/ecoles\/","og_locale":"it_IT","og_type":"article","og_title":"\u00e9coles - FR-Stripes Digitus Lab","og_description":"[vc_row][vc_column][vc_column_text]\u00cates-vous un enseignant passionn\u00e9 de technologie? Voulez-vous offrir \u00e0 vos \u00e9tudiants une exp\u00e9rience totalement unique et innovante? Stripes Digitus Lab [&hellip;]","og_url":"https:\/\/www.pedagogia.it\/digituslab-fr\/ecoles\/","og_site_name":"FR-Stripes Digitus Lab","article_modified_time":"2021-06-30T12:41:47+00:00","og_image":[{"width":1974,"height":913,"url":"https:\/\/www.pedagogia.it\/digituslab-fr\/wp-content\/uploads\/sites\/9\/2018\/07\/201804scuole.jpg","type":"image\/jpeg"}],"twitter_card":"summary_large_image","twitter_misc":{"Tempo di lettura stimato":"1 minuto"},"schema":{"@context":"https:\/\/schema.org","@graph":[{"@type":"WebPage","@id":"https:\/\/www.pedagogia.it\/digituslab-fr\/ecoles\/","url":"https:\/\/www.pedagogia.it\/digituslab-fr\/ecoles\/","name":"\u00e9coles - FR-Stripes Digitus Lab","isPartOf":{"@id":"https:\/\/www.pedagogia.it\/digituslab-fr\/#website"},"primaryImageOfPage":{"@id":"https:\/\/www.pedagogia.it\/digituslab-fr\/ecoles\/#primaryimage"},"image":{"@id":"https:\/\/www.pedagogia.it\/digituslab-fr\/ecoles\/#primaryimage"},"thumbnailUrl":"https:\/\/www.pedagogia.it\/digituslab-fr\/wp-content\/uploads\/sites\/9\/2018\/07\/201804scuole.jpg","datePublished":"2018-04-13T14:06:57+00:00","dateModified":"2021-06-30T12:41:47+00:00","breadcrumb":{"@id":"https:\/\/www.pedagogia.it\/digituslab-fr\/ecoles\/#breadcrumb"},"inLanguage":"it-IT","potentialAction":[{"@type":"ReadAction","target":["https:\/\/www.pedagogia.it\/digituslab-fr\/ecoles\/"]}]},{"@type":"ImageObject","inLanguage":"it-IT","@id":"https:\/\/www.pedagogia.it\/digituslab-fr\/ecoles\/#primaryimage","url":"https:\/\/www.pedagogia.it\/digituslab-fr\/wp-content\/uploads\/sites\/9\/2018\/07\/201804scuole.jpg","contentUrl":"https:\/\/www.pedagogia.it\/digituslab-fr\/wp-content\/uploads\/sites\/9\/2018\/07\/201804scuole.jpg","width":1974,"height":913},{"@type":"BreadcrumbList","@id":"https:\/\/www.pedagogia.it\/digituslab-fr\/ecoles\/#breadcrumb","itemListElement":[{"@type":"ListItem","position":1,"name":"Home","item":"https:\/\/www.pedagogia.it\/digituslab-fr\/"},{"@type":"ListItem","position":2,"name":"\u00e9coles"}]},{"@type":"WebSite","@id":"https:\/\/www.pedagogia.it\/digituslab-fr\/#website","url":"https:\/\/www.pedagogia.it\/digituslab-fr\/","name":"FR-Stripes Digitus Lab","description":"Centre international de la recherche et de l&#039;innovation sur la robotique \u00e9ducative et technologies num\u00e9riques","potentialAction":[{"@type":"SearchAction","target":{"@type":"EntryPoint","urlTemplate":"https:\/\/www.pedagogia.it\/digituslab-fr\/?s={search_term_string}"},"query-input":{"@type":"PropertyValueSpecification","valueRequired":true,"valueName":"search_term_string"}}],"inLanguage":"it-IT"}]}},"_links":{"self":[{"href":"https:\/\/www.pedagogia.it\/digituslab-fr\/wp-json\/wp\/v2\/pages\/271","targetHints":{"allow":["GET"]}}],"collection":[{"href":"https:\/\/www.pedagogia.it\/digituslab-fr\/wp-json\/wp\/v2\/pages"}],"about":[{"href":"https:\/\/www.pedagogia.it\/digituslab-fr\/wp-json\/wp\/v2\/types\/page"}],"author":[{"embeddable":true,"href":"https:\/\/www.pedagogia.it\/digituslab-fr\/wp-json\/wp\/v2\/users\/164"}],"replies":[{"embeddable":true,"href":"https:\/\/www.pedagogia.it\/digituslab-fr\/wp-json\/wp\/v2\/comments?post=271"}],"version-history":[{"count":0,"href":"https:\/\/www.pedagogia.it\/digituslab-fr\/wp-json\/wp\/v2\/pages\/271\/revisions"}],"wp:featuredmedia":[{"embeddable":true,"href":"https:\/\/www.pedagogia.it\/digituslab-fr\/wp-json\/wp\/v2\/media\/1541"}],"wp:attachment":[{"href":"https:\/\/www.pedagogia.it\/digituslab-fr\/wp-json\/wp\/v2\/media?parent=271"}],"curies":[{"name":"wp","href":"https:\/\/api.w.org\/{rel}","templated":true}]}}