{"id":78684,"date":"2024-04-02T10:19:33","date_gmt":"2024-04-02T08:19:33","guid":{"rendered":"https:\/\/www.pedagogia.it\/digituslab\/?post_type=product&#038;p=78684"},"modified":"2024-04-11T17:06:13","modified_gmt":"2024-04-11T15:06:13","slug":"corso-estivo-thymio-per-insegnanti","status":"publish","type":"product","link":"https:\/\/www.pedagogia.it\/digituslab\/prodotto\/corso-estivo-thymio-per-insegnanti\/","title":{"rendered":"Corso Estivo Thymio per insegnanti"},"content":{"rendered":"<h2>IL CORSO<\/h2>\n<div class=\"gmail_default\">Il corso \u00e8 strutturato in 4 incontri da 2 ore ciascuno per un totale di 8 ore di formazione. Nel corso affronteremo tutto ci\u00f2 che serve per utilizzare al meglio Thymio nella scuola primaria e\/o secondaria e per conseguire la certificazione. Durante il corso prima di procedere alla scoperta del robot Thymio partiremo dalle basi della robotica educativa e del coding a scuola, se non hai mai utilizzato strumenti simili non preoccuparti! Parleremo di robot educativi e delle loro caratteristiche durante il corso.<\/div>\n<div><\/div>\n<div>Argomenti del corso <strong>&#8220;Thymio in classe&#8221;\u00a0<\/strong><\/div>\n<ul>\n<li>Inquadramento teorico introduttivo sulla robotica educativa e il coding<\/li>\n<li>Caratteristiche dei robot educativi<\/li>\n<li>Caratteristiche tecniche del robot Thymio: Cosa serve sapere?<\/li>\n<li class=\"gmail_default\">Comportamenti pre-programmati di base del robot Thymio<\/li>\n<li>Iniziamo a programmare il robot (VPL)<\/li>\n<li class=\"gmail_default\">La programmazione base e avanzata del robot (VPL &amp; Scratch)<\/li>\n<li class=\"gmail_default\">Nuovi modi per programmare il robot: Quale utilizzo? (Il simulatore)<\/li>\n<li>Creare un&#8217;attivit\u00e0 in classe con Thymio: Quali materiali?<\/li>\n<li class=\"gmail_default\">Strutturare insieme una prima attivit\u00e0 da svolgere in classe<\/li>\n<\/ul>\n<p>Il corso \u00e8 pensato per insegnanti della scuola primaria e secondaria che vogliono introdurre nelle loro lezioni uno strumento innovativo in grado di accompagnare le classi di tutte le fasce d&#8217;et\u00e0 grazie alla sua versatilit\u00e0 e alle conoscenze che otterrai al termine del corso!<\/p>\n<p>Il corso si tiene online per dare la possibilit\u00e0 ad insegnanti di tutta Italia di seguire la formazione dell&#8217;ente ufficiale nazionale nella formazione sul robot Thymio<\/p>\n<h2>LA CERTIFICAZIONE &#8211; <em>&#8220;CTT &#8211; Certified Thymio Teacher&#8221;<\/em><\/h2>\n<p>Nel corso &#8220;Thymio in classe&#8221; \u00e8 inclusa nel prezzo la CTT \u2013 Certified Thymio Teacher ( <a class=\"orb-link orb-typography link-card__info-container__short-url\" href=\"https:\/\/bit.ly\/47TLLUI\" target=\"_blank\" rel=\"noopener noreferrer\">bit.ly\/47TLLUI<\/a> ). Si tratta dell&#8217;unica certificazione riconosciuta da Mobsya, associazione svizzera che ha creato il robot Thymio, e Stripes coop sociale, ente ufficiale in Italia nella formazione sul robot Thymio. Con questa certificazione per gli insegnanti e educatori che intendono inserirlo nel loro programma didattico-educativo \u00e8 possibile imparare e attestare le proprie conoscenze sul robot ottenendo la CTT \u2013 Certified Thymio Teacher rilasciata da Mobsya e Stripes.<\/p>\n<h2>NON POSSIEDO IL ROBOT&#8230; MI ISCRIVO LO STESSO?<\/h2>\n<p>Non possiedi il robot? La tua scuola non utilizza questo robot? La tua scuola utilizzer\u00e0 questo strumento ma al momento non \u00e8 a disposizione? Scoprirai che il corso pu\u00f2 essere seguito in ogni dettaglio conseguendo la certificazione anche senza utilizzare fisicamente il robot. Ti mostreremo come utilizzare il simulatore, strumento utile per strutturare attivit\u00e0 quando non si hanno robot a disposizione.<\/p>\n<h2>COME MI ISCRIVO?<\/h2>\n<p>Puoi prenotarti proseguendo su questa pagina senza pagare niente. Solo raggiungimento del numero minimo di partecipanti ricever\u00e0 la comunicazione e sar\u00e0 possibile procedere al pagamento. Sar\u00e0 nostra premura concordare con tutti i partecipanti giorni ed orari del corso.<\/p>\n<h2>QUANDO SI COMINCIA?<\/h2>\n<p>Il corso si terr\u00e0 a nei mesi di Giugno e Luglio 2024 al raggiungimento del numero minimo dei partecipanti. I quattro incontri si svolgeranno concordando gli orari con tutto il gruppo compatibilmente con le esigenze dei formatori Stripes che vi accompagneranno in questo percorso.<\/p>\n","protected":false},"excerpt":{"rendered":"<h1>THYMIO IN CLASSE<\/h1>\n<h2>Corso online per insegnanti della scuola primaria e secondaria<\/h2>\n<p>Il corso \u00e8 strutturato in 4 incontri da 2 ore ciascuno per un totale di 8 ore di formazione. Nel corso affronteremo tutto ci\u00f2 che serve per utilizzare al meglio Thymio nella scuola primaria e\/o secondaria e per conseguire la certificazione. Puoi prenotarti proseguendo su questa pagina senza pagare niente. Solo raggiungimento del numero minimo di partecipanti ricever\u00e0 la comunicazione e sar\u00e0 possibile procedere al pagamento. Sar\u00e0 nostra premura concordare con tutti i partecipanti giorni ed orari del corso.<\/p>\n<p><em>Prenotati aggiungendo al carrello il prodotto<\/em><\/p>\n","protected":false},"featured_media":78715,"comment_status":"open","ping_status":"closed","template":"","meta":[],"product_brand":[],"product_cat":[175],"product_tag":[],"class_list":{"0":"post-78684","1":"product","2":"type-product","3":"status-publish","4":"has-post-thumbnail","6":"product_cat-campus-estivi","8":"first","9":"instock","10":"virtual","11":"purchasable","12":"product-type-simple"},"yoast_head":"<!-- This site is optimized with the Yoast SEO plugin v27.2 - https:\/\/yoast.com\/product\/yoast-seo-wordpress\/ -->\n<title>Corso Estivo Thymio per insegnanti - Stripes Digitus Lab<\/title>\n<meta name=\"robots\" content=\"index, follow, max-snippet:-1, max-image-preview:large, max-video-preview:-1\" \/>\n<link rel=\"canonical\" href=\"https:\/\/www.pedagogia.it\/digituslab\/prodotto\/corso-estivo-thymio-per-insegnanti\/\" \/>\n<meta property=\"og:locale\" content=\"it_IT\" \/>\n<meta property=\"og:type\" content=\"article\" \/>\n<meta property=\"og:title\" content=\"Corso Estivo Thymio per insegnanti - Stripes Digitus Lab\" \/>\n<meta property=\"og:description\" content=\"THYMIO IN CLASSE Corso online per insegnanti della scuola primaria e secondaria Il corso \u00e8 strutturato in 4 incontri da 2 ore ciascuno per un totale di 8 ore di formazione. Nel corso affronteremo tutto ci\u00f2 che serve per utilizzare al meglio Thymio nella scuola primaria e\/o secondaria e per conseguire la certificazione. Puoi prenotarti proseguendo su questa pagina senza pagare niente. Solo raggiungimento del numero minimo di partecipanti ricever\u00e0 la comunicazione e sar\u00e0 possibile procedere al pagamento. Sar\u00e0 nostra premura concordare con tutti i partecipanti giorni ed orari del corso.  Prenotati aggiungendo al carrello il prodotto\" \/>\n<meta property=\"og:url\" content=\"https:\/\/www.pedagogia.it\/digituslab\/prodotto\/corso-estivo-thymio-per-insegnanti\/\" \/>\n<meta property=\"og:site_name\" content=\"Stripes Digitus Lab\" \/>\n<meta property=\"article:modified_time\" content=\"2024-04-11T15:06:13+00:00\" \/>\n<meta property=\"og:image\" content=\"https:\/\/www.pedagogia.it\/digituslab\/wp-content\/uploads\/sites\/6\/2024\/04\/ThymioFormazione_2.png\" \/>\n\t<meta property=\"og:image:width\" content=\"1080\" \/>\n\t<meta property=\"og:image:height\" content=\"1080\" \/>\n\t<meta property=\"og:image:type\" content=\"image\/png\" \/>\n<meta name=\"twitter:card\" content=\"summary_large_image\" \/>\n<meta name=\"twitter:label1\" content=\"Tempo di lettura stimato\" \/>\n\t<meta name=\"twitter:data1\" content=\"3 minuti\" \/>\n<script type=\"application\/ld+json\" class=\"yoast-schema-graph\">{\"@context\":\"https:\/\/schema.org\",\"@graph\":[{\"@type\":\"WebPage\",\"@id\":\"https:\/\/www.pedagogia.it\/digituslab\/prodotto\/corso-estivo-thymio-per-insegnanti\/\",\"url\":\"https:\/\/www.pedagogia.it\/digituslab\/prodotto\/corso-estivo-thymio-per-insegnanti\/\",\"name\":\"Corso Estivo Thymio per insegnanti - Stripes Digitus Lab\",\"isPartOf\":{\"@id\":\"https:\/\/www.pedagogia.it\/digituslab\/#website\"},\"primaryImageOfPage\":{\"@id\":\"https:\/\/www.pedagogia.it\/digituslab\/prodotto\/corso-estivo-thymio-per-insegnanti\/#primaryimage\"},\"image\":{\"@id\":\"https:\/\/www.pedagogia.it\/digituslab\/prodotto\/corso-estivo-thymio-per-insegnanti\/#primaryimage\"},\"thumbnailUrl\":\"https:\/\/www.pedagogia.it\/digituslab\/wp-content\/uploads\/sites\/6\/2024\/04\/ThymioFormazione_2.png\",\"datePublished\":\"2024-04-02T08:19:33+00:00\",\"dateModified\":\"2024-04-11T15:06:13+00:00\",\"breadcrumb\":{\"@id\":\"https:\/\/www.pedagogia.it\/digituslab\/prodotto\/corso-estivo-thymio-per-insegnanti\/#breadcrumb\"},\"inLanguage\":\"it-IT\",\"potentialAction\":[{\"@type\":\"ReadAction\",\"target\":[\"https:\/\/www.pedagogia.it\/digituslab\/prodotto\/corso-estivo-thymio-per-insegnanti\/\"]}]},{\"@type\":\"ImageObject\",\"inLanguage\":\"it-IT\",\"@id\":\"https:\/\/www.pedagogia.it\/digituslab\/prodotto\/corso-estivo-thymio-per-insegnanti\/#primaryimage\",\"url\":\"https:\/\/www.pedagogia.it\/digituslab\/wp-content\/uploads\/sites\/6\/2024\/04\/ThymioFormazione_2.png\",\"contentUrl\":\"https:\/\/www.pedagogia.it\/digituslab\/wp-content\/uploads\/sites\/6\/2024\/04\/ThymioFormazione_2.png\",\"width\":1080,\"height\":1080},{\"@type\":\"BreadcrumbList\",\"@id\":\"https:\/\/www.pedagogia.it\/digituslab\/prodotto\/corso-estivo-thymio-per-insegnanti\/#breadcrumb\",\"itemListElement\":[{\"@type\":\"ListItem\",\"position\":1,\"name\":\"Home\",\"item\":\"https:\/\/www.pedagogia.it\/digituslab\/\"},{\"@type\":\"ListItem\",\"position\":2,\"name\":\"Shop\",\"item\":\"https:\/\/www.pedagogia.it\/digituslab\/negozio\/\"},{\"@type\":\"ListItem\",\"position\":3,\"name\":\"Corso Estivo Thymio per insegnanti\"}]},{\"@type\":\"WebSite\",\"@id\":\"https:\/\/www.pedagogia.it\/digituslab\/#website\",\"url\":\"https:\/\/www.pedagogia.it\/digituslab\/\",\"name\":\"Stripes Digitus Lab\",\"description\":\"Centro internazionale di ricerca e innovazione sulla robotica educativa e le tecnologie digitali\",\"publisher\":{\"@id\":\"https:\/\/www.pedagogia.it\/digituslab\/#organization\"},\"potentialAction\":[{\"@type\":\"SearchAction\",\"target\":{\"@type\":\"EntryPoint\",\"urlTemplate\":\"https:\/\/www.pedagogia.it\/digituslab\/?s={search_term_string}\"},\"query-input\":{\"@type\":\"PropertyValueSpecification\",\"valueRequired\":true,\"valueName\":\"search_term_string\"}}],\"inLanguage\":\"it-IT\"},{\"@type\":\"Organization\",\"@id\":\"https:\/\/www.pedagogia.it\/digituslab\/#organization\",\"name\":\"Stripe Digitus Lab\",\"url\":\"https:\/\/www.pedagogia.it\/digituslab\/\",\"logo\":{\"@type\":\"ImageObject\",\"inLanguage\":\"it-IT\",\"@id\":\"https:\/\/www.pedagogia.it\/digituslab\/#\/schema\/logo\/image\/\",\"url\":\"https:\/\/www.pedagogia.it\/digituslab\/wp-content\/uploads\/sites\/6\/2018\/03\/digituslab.png\",\"contentUrl\":\"https:\/\/www.pedagogia.it\/digituslab\/wp-content\/uploads\/sites\/6\/2018\/03\/digituslab.png\",\"width\":280,\"height\":80,\"caption\":\"Stripe Digitus Lab\"},\"image\":{\"@id\":\"https:\/\/www.pedagogia.it\/digituslab\/#\/schema\/logo\/image\/\"}}]}<\/script>\n<!-- \/ Yoast SEO plugin. -->","yoast_head_json":{"title":"Corso Estivo Thymio per insegnanti - Stripes Digitus Lab","robots":{"index":"index","follow":"follow","max-snippet":"max-snippet:-1","max-image-preview":"max-image-preview:large","max-video-preview":"max-video-preview:-1"},"canonical":"https:\/\/www.pedagogia.it\/digituslab\/prodotto\/corso-estivo-thymio-per-insegnanti\/","og_locale":"it_IT","og_type":"article","og_title":"Corso Estivo Thymio per insegnanti - Stripes Digitus Lab","og_description":"THYMIO IN CLASSE Corso online per insegnanti della scuola primaria e secondaria Il corso \u00e8 strutturato in 4 incontri da 2 ore ciascuno per un totale di 8 ore di formazione. Nel corso affronteremo tutto ci\u00f2 che serve per utilizzare al meglio Thymio nella scuola primaria e\/o secondaria e per conseguire la certificazione. Puoi prenotarti proseguendo su questa pagina senza pagare niente. Solo raggiungimento del numero minimo di partecipanti ricever\u00e0 la comunicazione e sar\u00e0 possibile procedere al pagamento. Sar\u00e0 nostra premura concordare con tutti i partecipanti giorni ed orari del corso.  Prenotati aggiungendo al carrello il prodotto","og_url":"https:\/\/www.pedagogia.it\/digituslab\/prodotto\/corso-estivo-thymio-per-insegnanti\/","og_site_name":"Stripes Digitus Lab","article_modified_time":"2024-04-11T15:06:13+00:00","og_image":[{"width":1080,"height":1080,"url":"https:\/\/www.pedagogia.it\/digituslab\/wp-content\/uploads\/sites\/6\/2024\/04\/ThymioFormazione_2.png","type":"image\/png"}],"twitter_card":"summary_large_image","twitter_misc":{"Tempo di lettura stimato":"3 minuti"},"schema":{"@context":"https:\/\/schema.org","@graph":[{"@type":"WebPage","@id":"https:\/\/www.pedagogia.it\/digituslab\/prodotto\/corso-estivo-thymio-per-insegnanti\/","url":"https:\/\/www.pedagogia.it\/digituslab\/prodotto\/corso-estivo-thymio-per-insegnanti\/","name":"Corso Estivo Thymio per insegnanti - Stripes Digitus Lab","isPartOf":{"@id":"https:\/\/www.pedagogia.it\/digituslab\/#website"},"primaryImageOfPage":{"@id":"https:\/\/www.pedagogia.it\/digituslab\/prodotto\/corso-estivo-thymio-per-insegnanti\/#primaryimage"},"image":{"@id":"https:\/\/www.pedagogia.it\/digituslab\/prodotto\/corso-estivo-thymio-per-insegnanti\/#primaryimage"},"thumbnailUrl":"https:\/\/www.pedagogia.it\/digituslab\/wp-content\/uploads\/sites\/6\/2024\/04\/ThymioFormazione_2.png","datePublished":"2024-04-02T08:19:33+00:00","dateModified":"2024-04-11T15:06:13+00:00","breadcrumb":{"@id":"https:\/\/www.pedagogia.it\/digituslab\/prodotto\/corso-estivo-thymio-per-insegnanti\/#breadcrumb"},"inLanguage":"it-IT","potentialAction":[{"@type":"ReadAction","target":["https:\/\/www.pedagogia.it\/digituslab\/prodotto\/corso-estivo-thymio-per-insegnanti\/"]}]},{"@type":"ImageObject","inLanguage":"it-IT","@id":"https:\/\/www.pedagogia.it\/digituslab\/prodotto\/corso-estivo-thymio-per-insegnanti\/#primaryimage","url":"https:\/\/www.pedagogia.it\/digituslab\/wp-content\/uploads\/sites\/6\/2024\/04\/ThymioFormazione_2.png","contentUrl":"https:\/\/www.pedagogia.it\/digituslab\/wp-content\/uploads\/sites\/6\/2024\/04\/ThymioFormazione_2.png","width":1080,"height":1080},{"@type":"BreadcrumbList","@id":"https:\/\/www.pedagogia.it\/digituslab\/prodotto\/corso-estivo-thymio-per-insegnanti\/#breadcrumb","itemListElement":[{"@type":"ListItem","position":1,"name":"Home","item":"https:\/\/www.pedagogia.it\/digituslab\/"},{"@type":"ListItem","position":2,"name":"Shop","item":"https:\/\/www.pedagogia.it\/digituslab\/negozio\/"},{"@type":"ListItem","position":3,"name":"Corso Estivo Thymio per insegnanti"}]},{"@type":"WebSite","@id":"https:\/\/www.pedagogia.it\/digituslab\/#website","url":"https:\/\/www.pedagogia.it\/digituslab\/","name":"Stripes Digitus Lab","description":"Centro internazionale di ricerca e innovazione sulla robotica educativa e le tecnologie digitali","publisher":{"@id":"https:\/\/www.pedagogia.it\/digituslab\/#organization"},"potentialAction":[{"@type":"SearchAction","target":{"@type":"EntryPoint","urlTemplate":"https:\/\/www.pedagogia.it\/digituslab\/?s={search_term_string}"},"query-input":{"@type":"PropertyValueSpecification","valueRequired":true,"valueName":"search_term_string"}}],"inLanguage":"it-IT"},{"@type":"Organization","@id":"https:\/\/www.pedagogia.it\/digituslab\/#organization","name":"Stripe Digitus Lab","url":"https:\/\/www.pedagogia.it\/digituslab\/","logo":{"@type":"ImageObject","inLanguage":"it-IT","@id":"https:\/\/www.pedagogia.it\/digituslab\/#\/schema\/logo\/image\/","url":"https:\/\/www.pedagogia.it\/digituslab\/wp-content\/uploads\/sites\/6\/2018\/03\/digituslab.png","contentUrl":"https:\/\/www.pedagogia.it\/digituslab\/wp-content\/uploads\/sites\/6\/2018\/03\/digituslab.png","width":280,"height":80,"caption":"Stripe Digitus Lab"},"image":{"@id":"https:\/\/www.pedagogia.it\/digituslab\/#\/schema\/logo\/image\/"}}]}},"_links":{"self":[{"href":"https:\/\/www.pedagogia.it\/digituslab\/wp-json\/wp\/v2\/product\/78684","targetHints":{"allow":["GET"]}}],"collection":[{"href":"https:\/\/www.pedagogia.it\/digituslab\/wp-json\/wp\/v2\/product"}],"about":[{"href":"https:\/\/www.pedagogia.it\/digituslab\/wp-json\/wp\/v2\/types\/product"}],"replies":[{"embeddable":true,"href":"https:\/\/www.pedagogia.it\/digituslab\/wp-json\/wp\/v2\/comments?post=78684"}],"wp:featuredmedia":[{"embeddable":true,"href":"https:\/\/www.pedagogia.it\/digituslab\/wp-json\/wp\/v2\/media\/78715"}],"wp:attachment":[{"href":"https:\/\/www.pedagogia.it\/digituslab\/wp-json\/wp\/v2\/media?parent=78684"}],"wp:term":[{"taxonomy":"product_brand","embeddable":true,"href":"https:\/\/www.pedagogia.it\/digituslab\/wp-json\/wp\/v2\/product_brand?post=78684"},{"taxonomy":"product_cat","embeddable":true,"href":"https:\/\/www.pedagogia.it\/digituslab\/wp-json\/wp\/v2\/product_cat?post=78684"},{"taxonomy":"product_tag","embeddable":true,"href":"https:\/\/www.pedagogia.it\/digituslab\/wp-json\/wp\/v2\/product_tag?post=78684"}],"curies":[{"name":"wp","href":"https:\/\/api.w.org\/{rel}","templated":true}]}}