{"id":11071,"date":"2021-06-01T09:44:41","date_gmt":"2021-06-01T07:44:41","guid":{"rendered":"https:\/\/www.pedagogia.it\/stripes\/?page_id=11071"},"modified":"2021-06-01T10:24:56","modified_gmt":"2021-06-01T08:24:56","slug":"campus-di-desio","status":"publish","type":"page","link":"https:\/\/www.pedagogia.it\/stripes\/campus-di-desio\/","title":{"rendered":"Campus di Desio"},"content":{"rendered":"<div class=\"wpb-content-wrapper\"><div data-parent=\"true\" class=\"vc_row row-container boomapps_vcrow\" id=\"row-unique-0\"><div class=\"row no-top-padding no-bottom-padding no-h-padding full-width row-parent\"><div class=\"wpb_row row-inner\"><div class=\"wpb_column pos-middle pos-center align_center column_parent col-lg-12 boomapps_vccolumn double-internal-gutter\"><div class=\"uncol style-light\"  ><div class=\"uncoltable\"><div class=\"uncell  vc_custom_1621334179996 boomapps_vccolumn no-block-padding\" style=\"border-top-width: 0px ;border-right-width: 0px ;border-bottom-width: 0px ;border-left-width: 0px ;padding-top: 0px ;padding-bottom: 0px ;padding-left: 0px ;\" ><div class=\"uncont\" ><div class=\"uncode-single-media  text-left\"><div class=\"single-wrapper\" style=\"max-width: 100%;\"><div class=\"tmb tmb-light  tmb-media-first tmb-media-last tmb-content-overlay tmb-no-bg\"><div class=\"t-inside\"><div class=\"t-entry-visual\"><div class=\"t-entry-visual-tc\"><div class=\"uncode-single-media-wrapper\"><img decoding=\"async\" class=\"wp-image-11040\" src=\"https:\/\/www.pedagogia.it\/stripes\/wp-content\/uploads\/sites\/7\/2021\/05\/Banner_10_DEF.png\" width=\"1757\" height=\"1288\" alt=\"\" srcset=\"https:\/\/www.pedagogia.it\/stripes\/wp-content\/uploads\/sites\/7\/2021\/05\/Banner_10_DEF.png 1757w, https:\/\/www.pedagogia.it\/stripes\/wp-content\/uploads\/sites\/7\/2021\/05\/Banner_10_DEF-300x220.png 300w, https:\/\/www.pedagogia.it\/stripes\/wp-content\/uploads\/sites\/7\/2021\/05\/Banner_10_DEF-1024x751.png 1024w, https:\/\/www.pedagogia.it\/stripes\/wp-content\/uploads\/sites\/7\/2021\/05\/Banner_10_DEF-768x563.png 768w, https:\/\/www.pedagogia.it\/stripes\/wp-content\/uploads\/sites\/7\/2021\/05\/Banner_10_DEF-1536x1126.png 1536w, https:\/\/www.pedagogia.it\/stripes\/wp-content\/uploads\/sites\/7\/2021\/05\/Banner_10_DEF-600x440.png 600w\" sizes=\"(max-width: 1757px) 100vw, 1757px\" \/><\/div>\n\t\t\t\t\t<\/div>\n\t\t\t\t<\/div><\/div><\/div><\/div><\/div><\/div><\/div><\/div><\/div><\/div><script id=\"script-row-unique-0\" data-row=\"script-row-unique-0\" type=\"text\/javascript\" class=\"vc_controls\">UNCODE.initRow(document.getElementById(\"row-unique-0\"));<\/script><\/div><\/div><\/div><div data-parent=\"true\" class=\"vc_row row-container boomapps_vcrow\" id=\"row-unique-1\"><div class=\"row limit-width row-parent\"><div class=\"wpb_row row-inner\"><div class=\"wpb_column pos-top pos-center align_center column_parent col-lg-12 boomapps_vccolumn single-internal-gutter\"><div class=\"uncol style-light\"  ><div class=\"uncoltable\"><div class=\"uncell  boomapps_vccolumn no-block-padding\" ><div class=\"uncont\" ><div class=\"vc_custom_heading_wrap \"><div class=\"heading-text el-text\" ><\/p>\n<h2><span style=\"font-size: 36pt;color: #ff6600\"><strong>Campus Estivi 2021<\/strong><\/span><\/h2>\n<p>\n<\/div><div class=\"clear\"><\/div><\/div><div class=\"vc_custom_heading_wrap \"><div class=\"heading-text el-text\" ><\/p>\n<h2><span style=\"color: #b20404\"><strong>Campus di Desio<\/strong><\/span><\/h2>\n<p>\n<\/div><div class=\"clear\"><\/div><\/div><div class=\"vc_row row-internal row-container boomapps_vcrow\"><div class=\"row row-child\"><div class=\"wpb_row row-inner\"><div class=\"wpb_column pos-top pos-center align_left column_child col-lg-12 boomapps_vccolumn single-internal-gutter\"><div class=\"uncol style-light\" ><div class=\"uncoltable\"><div class=\"uncell  boomapps_vccolumn no-block-padding\" ><div class=\"uncont\" ><div class=\"uncode-single-media  text-center\"><div class=\"single-wrapper\" style=\"max-width: 99%;\"><div class=\"tmb tmb-light  tmb-media-first tmb-media-last tmb-content-overlay tmb-no-bg\"><div class=\"t-inside\"><div class=\"t-entry-visual\"><div class=\"t-entry-visual-tc\"><div class=\"uncode-single-media-wrapper\"><img decoding=\"async\" class=\"wp-image-11191\" src=\"https:\/\/www.pedagogia.it\/stripes\/wp-content\/uploads\/sites\/7\/2021\/06\/WhatsApp-Image-2021-05-31-at-19.49.08.jpeg\" width=\"1414\" height=\"1999\" alt=\"\" srcset=\"https:\/\/www.pedagogia.it\/stripes\/wp-content\/uploads\/sites\/7\/2021\/06\/WhatsApp-Image-2021-05-31-at-19.49.08.jpeg 1414w, https:\/\/www.pedagogia.it\/stripes\/wp-content\/uploads\/sites\/7\/2021\/06\/WhatsApp-Image-2021-05-31-at-19.49.08-212x300.jpeg 212w, https:\/\/www.pedagogia.it\/stripes\/wp-content\/uploads\/sites\/7\/2021\/06\/WhatsApp-Image-2021-05-31-at-19.49.08-724x1024.jpeg 724w, https:\/\/www.pedagogia.it\/stripes\/wp-content\/uploads\/sites\/7\/2021\/06\/WhatsApp-Image-2021-05-31-at-19.49.08-768x1086.jpeg 768w, https:\/\/www.pedagogia.it\/stripes\/wp-content\/uploads\/sites\/7\/2021\/06\/WhatsApp-Image-2021-05-31-at-19.49.08-1086x1536.jpeg 1086w, https:\/\/www.pedagogia.it\/stripes\/wp-content\/uploads\/sites\/7\/2021\/06\/WhatsApp-Image-2021-05-31-at-19.49.08-600x848.jpeg 600w\" sizes=\"(max-width: 1414px) 100vw, 1414px\" \/><\/div>\n\t\t\t\t\t<\/div>\n\t\t\t\t<\/div><\/div><\/div><\/div><\/div><\/div><\/div><\/div><\/div><\/div><\/div><\/div><\/div><\/div><\/div><\/div><\/div><\/div><script id=\"script-row-unique-1\" data-row=\"script-row-unique-1\" type=\"text\/javascript\" class=\"vc_controls\">UNCODE.initRow(document.getElementById(\"row-unique-1\"));<\/script><\/div><\/div><\/div><div data-parent=\"true\" class=\"vc_row has-bg need-focus style-color-326241-bg row-container has-dividers boomapps_vcrow\" id=\"row-unique-2\"><div class=\"uncode-divider-wrap uncode-divider-wrap-top z_index_0\" style=\"height: 150px;\" data-height=\"150\" data-unit=\"px\"><svg version=\"1.1\" class=\"uncode-row-divider uncode-row-divider-waves-opacity\" x=\"0px\" y=\"0px\" width=\"240px\" height=\"24px\" viewBox=\"0 0 240 24\" enable-background=\"new 0 0 240 24\" xml:space=\"preserve\" preserveAspectRatio=\"none\">\n\t\t<path fill=\"#ffffff\" fill-opacity=\"0.33\" d=\"M239.971,0.038c-4.61-0.19-9.552,0.34-15,1.32\n\t\t\tc-20.395,3.721-26.233,12.311-39.419,17.292c-22.208,8.379-41.546-14.521-65.619-14.521c-25.681,0-30.486,25.262-62.506,18.051\n\t\t\tC34.632,16.999,27.625,8.329,10.323,11.059c-2.71,0.44-6.553,1.04-10.323,1.81V24h240V0.038H239.971z\"\/>\n\t\t<path fill=\"#ffffff\" fill-opacity=\"0.33\" d=\"M222.049,3.889c-20.803,3.72-25.198,12.582-39.849,17.582\n\t\t\tc-24.611,8.399-40.728-18.493-63.342-18.493c-24.124,0-38.287,26.312-65.082,19.102C34.707,16.919,27.743,8.239,10.27,10.979\n\t\t\tc-3.717,0.59-7.149,1.52-10.27,2.72V24h240V2.888C234.979,2.148,229.1,2.638,222.049,3.889z\"\/>\n\t\t<path fill=\"#ffffff\" d=\"M239.99,5.699c-4.825-0.64-10.606-0.21-17.48,0.89C202.234,9.81,197.917,17.48,183.618,21.8\n\t\t\tc-23.967,7.28-39.71-16.011-61.787-16.011c-23.521,0-37.345,22.751-63.486,16.542C39.701,17.88,32.922,10.35,15.861,12.73\n\t\t\tC9.751,13.58,4.438,15.29,0,19.423V24h240V7.152L239.99,5.699z\"\/>\n\t\t<\/svg><\/div><div class=\"row limit-width row-parent\"><div class=\"wpb_row row-inner\"><div class=\"wpb_column pos-top pos-center align_left column_parent col-lg-12 boomapps_vccolumn single-internal-gutter\"><div class=\"uncol style-light\"  ><div class=\"uncoltable\"><div class=\"uncell  boomapps_vccolumn no-block-padding\" ><div class=\"uncont\" ><div class=\"uncode-tabs wpb_content_element\" data-interval=\"\"  data-target=\"\"><div class=\"uncode-wrapper tab-container\"><div class=\"vc_tta-tabs-container\"><ul class=\"nav nav-tabs wpb_tabs_nav ui-tabs-nav vc_tta-tabs-list text-center\"><li data-tab-id=\"tab-1590398224-1-951bfa-70d1\" data-tab-o-id=\"1590398224-1-951bfa-70d1\" class=\"vc_tta-tab active\"><a href=\"#tab-1590398224-1-951bfa-70d1\" data-toggle=\"tab\"><span><span><span class=\"\">OBIETTIVI<\/span><\/span><\/span><\/a><\/li><li data-tab-id=\"tab-1590398224-2-561bfa-70d1\" data-tab-o-id=\"1590398224-2-561bfa-70d1\" class=\"vc_tta-tab\"><a href=\"#tab-1590398224-2-561bfa-70d1\" data-toggle=\"tab\"><span><span><span class=\"\">METODOLOGIA<\/span><\/span><\/span><\/a><\/li><li data-tab-id=\"tab-1590403136798-2-81bfa-70d1\" data-tab-o-id=\"1590403136798-2-81bfa-70d1\" class=\"vc_tta-tab\"><a href=\"#tab-1590403136798-2-81bfa-70d1\" data-toggle=\"tab\"><span><span><span class=\"\">COMUNICAZIONE CON LE FAMIGLIE<\/span><\/span><\/span><\/a><\/li><li data-tab-id=\"tab-1590403284531-3-71bfa-70d1\" data-tab-o-id=\"1590403284531-3-71bfa-70d1\" class=\"vc_tta-tab\"><a href=\"#tab-1590403284531-3-71bfa-70d1\" data-toggle=\"tab\"><span><span><span class=\"\">NORME SANITARIE GENERALI<\/span><\/span><\/span><\/a><\/li><\/ul><\/div><div class=\"tab-content wpb_wrapper\"><div id=\"tab-1590398224-1-951bfa-70d1\" class=\"tab-pane in active fade half-internal-gutter single-block-padding\"><div>\n\t\t\t\t<div class=\"uncode_text_column\" ><p><span style=\"font-weight: 400;color: #000000\">La nostra proposta educativa si sviluppa in tempi, luoghi e modalit\u00e0 frutto di un\u2019attenta e precisa progettazione. Quali sono i nostri obiettivi principali:<\/span><\/p>\n<ul>\n<li style=\"font-weight: 400\"><span style=\"font-weight: 400;color: #000000\">Sviluppare nuovi modelli di servizi per le famiglie, in rispetto delle norme igienico-sanitarie legate alla prevenzione, diffusione del Covid19<\/span><\/li>\n<li style=\"font-weight: 400\"><span style=\"font-weight: 400;color: #000000\">Creare le condizioni per nuove forme di aggregazione: reali e virtuali<\/span><\/li>\n<li style=\"font-weight: 400\"><span style=\"font-weight: 400;color: #000000\">Creare nei bambini\/ragazzi consapevolezze sulle distanze interpersonali e sulle nuove possibilit\u00e0 di attivazione e relazione con attenzione all\u2019utilizzo dei dispositivi di protezione (mascherine)<\/span><\/li>\n<li style=\"font-weight: 400\"><span style=\"font-weight: 400;color: #000000\">Creare contesti che favoriscono l\u2019apprendimento, la motivazione ed il benessere personale in risposta al periodo di lock down vissuto nei mesi precedenti<\/span><\/li>\n<li style=\"font-weight: 400\"><span style=\"font-weight: 400;color: #000000\">Promuovere la mobilit\u00e0 sostenibile (uso bicicletta per le i bambini\/ragazzi pi\u00f9 grandi) e l\u2019esplorazione del territorio<\/span><\/li>\n<li style=\"font-weight: 400\"><span style=\"font-weight: 400;color: #000000\">Sviluppo e promozione di contesti di outdoor education<\/span><\/li>\n<\/ul>\n<p>\n<\/div><\/div><\/div><div id=\"tab-1590398224-2-561bfa-70d1\" class=\"tab-pane fade half-internal-gutter single-block-padding\"><div>\n\t\t\t\t<div class=\"uncode_text_column\" ><p><span style=\"color: #000000\"><span style=\"font-weight: 400\">La programmazione giornaliera e settimanale sar\u00e0 definita attraverso momenti strutturati (mattina, pomeriggio, prima e post mensa) all\u2019esplorazione di isole specifiche, <\/span><b>rassicurando le famiglie relativamente al rispetto delle regole igienico sanitarie, ma permettendo un\u2019esperienza ricca e di crescita, oltre che creativa e divertente.\u00a0<\/b><\/span><\/p>\n<p><span style=\"font-weight: 400;color: #000000\">Tutte queste isole, da un lato ben definite e separate dalle altre, sono tuttavia in stretta connessione tra loro. L\u2019esperienza di piccolo gruppo dei bambini sar\u00e0 infatti interconnessa con l\u2019attivit\u00e0 degli altri gruppi, e questo permetter\u00e0 di coltivare il loro interesse e farli sentire parte di un progetto pi\u00f9 ampio. Ci verranno in aiuto da questo punto di vista i connettori multimediali come le piattaforme WE-SCHOOL, le community e l\u2019utilizzo di social network che diverranno spazi di condivisione dei prodotti e delle esperienze fatte e tracceranno lo storytelling dell\u2019esperienza e saranno vetrine dei lavori creati.<\/span><\/p>\n<p><span style=\"font-weight: 400;color: #000000\">La stessa modalit\u00e0 social(e) di incontro sar\u00e0 proposta ogni giorno all&#8217;avvio ed alla chiusura delle attivit\u00e0: i bambini daranno avvio ai giochi ed ai laboratori espressivi incontrando gli altri virtualmente e si saluteranno a fine giornata in video-conference: un arcipelago dove la complementariet\u00e0 tra reale e virtuale diventa una possibilit\u00e0 concreta e gratificante.\u00a0<\/span><\/p>\n<p><span style=\"color: #000000\"><b>La scuola, il territorio e le famiglie entreranno in una collaborazione fatta di attenzione, apertura, appoggio e condivisione prima di tutto delle regole e dei dispositivi utilizzati al fine di promuovere una <\/b><b>corresponsabilit\u00e0 educativa.<\/b><\/span><\/p>\n<\/div><\/div><\/div><div id=\"tab-1590403136798-2-81bfa-70d1\" class=\"tab-pane fade half-internal-gutter single-block-padding\"><div>\n\t\t\t\t<div class=\"uncode_text_column\" ><p><span style=\"color: #000000\"><b>COMUNICAZIONE CON LE FAMIGLIE<\/b><\/span><\/p>\n<p><span style=\"font-weight: 400;color: #000000\">Il servizio di centro estivo sar\u00e0 presentato alle famiglie attraverso una riunione attraverso la piattaforma di <strong>video-conference MEET.<\/strong> Le educatrici e gli educatori di ogni gruppo contatteranno poi i bambini\/ragazzi e genitori per una micro-riunione di benvenuto. Le educatrici si presenteranno, mostreranno loro il volto senza e con la mascherina in modo che i bambini arrivino preparati, presenteranno il servizio mostrando gli spazi e incuriosendo i bambini e i ragazzi su quello che andranno a fare.<\/span><\/p>\n<p><span style=\"font-weight: 400;color: #000000\">Anche quest\u2019anno verranno realizzate caselle e-mail specifiche per ogni CRE, alle quali i genitori potranno rivolgersi per eventuali informazioni e per ricevere materiale informativo circa le attivit\u00e0 svolte al centro estivo.\u00a0<\/span><\/p>\n<p><span style=\"font-weight: 400;color: #000000\">Verranno allestite delle bacheche con affissi alcuni avvisi, in modo da rendere il genitore sempre informato circa la programmazione svolta, in un\u2019ottica di trasparenza e di coinvolgimento della famiglia nella nostra proposta educativa. Verr\u00e0 riproposta anche quest\u2019anno l\u2019affissione all\u2019esterno della scuola del programma giornaliero delle attivit\u00e0 oltre che all\u2019invio dello stesso per mail a tutte le famiglie.<\/span><\/p>\n<p><span style=\"color: #000000\"><span style=\"font-weight: 400\">Verr\u00e0 consegnata alle famiglie una<\/span><b> brochure <\/b><span style=\"font-weight: 400\">contenente:<\/span><\/span><\/p>\n<ul>\n<li style=\"font-weight: 400\"><span style=\"font-weight: 400;color: #000000\">descrizione del progetto<\/span><\/li>\n<li style=\"font-weight: 400\"><span style=\"font-weight: 400;color: #000000\">dettaglio turni ingresso\/uscita<\/span><\/li>\n<li style=\"font-weight: 400\"><span style=\"font-weight: 400;color: #000000\">dati personali del minore e riferimenti dei genitori<\/span><\/li>\n<li style=\"font-weight: 400\"><span style=\"font-weight: 400;color: #000000\">indicazione sullo stato di salute del nucleo famigliare<\/span><\/li>\n<li style=\"font-weight: 400\"><span style=\"font-weight: 400;color: #000000\">patto di corresponsabilit\u00e0\u00a0<\/span><\/li>\n<li style=\"font-weight: 400\"><span style=\"color: #000000\"><span style=\"font-weight: 400\">indicazione materiale personale: un materassino tipo yoga o un telo tipo spiaggia per sedersi per terra, borraccia,(<\/span><span style=\"font-weight: 400\"> bicchiere, posate, asciugamano, tovagliolo, tovaglietta da valutare in base alla tipologia di mensa, servizio ristorazione<\/span><span style=\"font-weight: 400\">), cambio completo, maglia pittura, antizanzare<\/span><\/span><\/li>\n<\/ul>\n<p>\n<\/div><\/div><\/div><div id=\"tab-1590403284531-3-71bfa-70d1\" class=\"tab-pane fade half-internal-gutter single-block-padding\"><div>\n\t\t\t\t<div class=\"uncode_text_column\" ><p><span style=\"color: #000000\"><b>Le norme di seguito descritte saranno integrate con il protocollo \u201cREGOLAMENTAZIONE RISCHIO COVID PER SERVIZIO CAMPUS ESTIVO\u201d<\/b><\/span><\/p>\n<p><span style=\"font-weight: 400;color: #000000\">Norme specifiche saranno utilizzate per regolamentare gli spazi comuni (bagni, mensa, ingresso e uscita) e per la sanificazione degli stessi. Il personale ausiliario sar\u00e0 in numero sufficiente da poter permettere una pulizia idonea degli spazi e dovr\u00e0 seguire tutte le norme di regolamentazione previste.\u00a0<\/span><\/p>\n<p><span style=\"font-weight: 400;color: #000000\"><strong>I momenti di ingresso e uscita dei bambini saranno accuratamente organizzati in modo da evitare l\u2019assembramento dei genitori all\u2019esterno delle strutture e evitare contatti diretti tra i bambini:gli ingressi\/uscite saranno organizzati su pi\u00f9 orari distanziati di circa 10 minuti.<\/strong> Sar\u00e0 necessario all\u2019esterno dei plessi scolastici tracciare sull\u2019asfalto indicazione per posizione bambini. Ogni famiglia dovr\u00e0 necessariamente rispettare l\u2019orario di ingresso e uscita cos\u00ec da non prevedere affollamento.\u00a0<\/span><\/p>\n<p><span style=\"font-weight: 400;color: #000000\">Ai genitori \u00e8 richiesto di compilare in fase di iscrizione un\u2019autocertificazione che attesti lo stato di salute del bambino, redatto da Stripes in ottemperanza con le normative regionali e ministeriali. Inoltre, ogni giorno \u00e8 richiesta una certificazione giornaliera in cui si domanda ai genitori se il bambino abbia avuto la febbre, tosse, difficolt\u00e0 respiratoria o se \u00e8 stato male a casa. I bambini all\u2019ingresso vengono invitati a igienizzarsi le mani con gel idroalcolico. Verr\u00e0 verificata\u00a0 la temperatura corporea con termo scanner all\u2019ingresso.<\/span><\/p>\n<p><span style=\"font-weight: 400;color: #000000\">Nel caso di accoglienza di bambini con disabilit\u00e0 o provenienti da contesti familiari caratterizzati da fragilit\u00e0, verranno concordate con la famiglia le forme di\u00a0 individualizzazione del progetto di attivit\u00e0 da proporre e realizzare. Il rapporto numerico come indicato dalle linee guida ministeriali sar\u00e0 in questo caso di 1 a 1 e il bambino verr\u00e0 incluso insieme alla sua educatrice in un altro gruppo.<\/span><\/p>\n<\/div><\/div><\/div><\/div><\/div><\/div><\/div><\/div><\/div><\/div><\/div><script id=\"script-row-unique-2\" data-row=\"script-row-unique-2\" type=\"text\/javascript\" class=\"vc_controls\">UNCODE.initRow(document.getElementById(\"row-unique-2\"));<\/script><\/div><\/div><\/div>\n<\/div>","protected":false},"excerpt":{"rendered":"Campus Estivi 2021 Campus di Desio OBIETTIVIMETODOLOGIACOMUNICAZIONE CON LE FAMIGLIENORME SANITARIE GENERALI La nostra proposta educativa si sviluppa in tempi, [...]","protected":false},"author":184,"featured_media":0,"parent":0,"menu_order":0,"comment_status":"closed","ping_status":"closed","template":"","meta":{"give_campaign_id":0,"om_disable_all_campaigns":false,"_monsterinsights_skip_tracking":false,"_monsterinsights_sitenote_active":false,"_monsterinsights_sitenote_note":"","_monsterinsights_sitenote_category":0,"footnotes":""},"tags":[],"class_list":["post-11071","page","type-page","status-publish","hentry"],"aioseo_notices":[],"yoast_head":"<!-- This site is optimized with the Yoast SEO plugin v27.2 - https:\/\/yoast.com\/product\/yoast-seo-wordpress\/ -->\n<title>Campus di Desio - Stripes Cooperativa Sociale ONLUS<\/title>\n<meta name=\"robots\" content=\"index, follow, max-snippet:-1, max-image-preview:large, max-video-preview:-1\" \/>\n<link rel=\"canonical\" href=\"https:\/\/www.pedagogia.it\/stripes\/campus-di-desio\/\" \/>\n<meta property=\"og:locale\" content=\"it_IT\" \/>\n<meta property=\"og:type\" content=\"article\" \/>\n<meta property=\"og:title\" content=\"Campus di Desio - Stripes Cooperativa Sociale ONLUS\" \/>\n<meta property=\"og:url\" content=\"https:\/\/www.pedagogia.it\/stripes\/campus-di-desio\/\" \/>\n<meta property=\"og:site_name\" content=\"Stripes Cooperativa Sociale ONLUS\" \/>\n<meta property=\"article:modified_time\" content=\"2021-06-01T08:24:56+00:00\" \/>\n<meta name=\"twitter:card\" content=\"summary_large_image\" \/>\n<meta name=\"twitter:label1\" content=\"Tempo di lettura stimato\" \/>\n\t<meta name=\"twitter:data1\" content=\"5 minuti\" \/>\n<script type=\"application\/ld+json\" class=\"yoast-schema-graph\">{\"@context\":\"https:\/\/schema.org\",\"@graph\":[{\"@type\":\"WebPage\",\"@id\":\"https:\/\/www.pedagogia.it\/stripes\/campus-di-desio\/\",\"url\":\"https:\/\/www.pedagogia.it\/stripes\/campus-di-desio\/\",\"name\":\"Campus di Desio - Stripes Cooperativa Sociale ONLUS\",\"isPartOf\":{\"@id\":\"https:\/\/www.pedagogia.it\/stripes\/#website\"},\"datePublished\":\"2021-06-01T07:44:41+00:00\",\"dateModified\":\"2021-06-01T08:24:56+00:00\",\"breadcrumb\":{\"@id\":\"https:\/\/www.pedagogia.it\/stripes\/campus-di-desio\/#breadcrumb\"},\"inLanguage\":\"it-IT\",\"potentialAction\":[{\"@type\":\"ReadAction\",\"target\":[\"https:\/\/www.pedagogia.it\/stripes\/campus-di-desio\/\"]}]},{\"@type\":\"BreadcrumbList\",\"@id\":\"https:\/\/www.pedagogia.it\/stripes\/campus-di-desio\/#breadcrumb\",\"itemListElement\":[{\"@type\":\"ListItem\",\"position\":1,\"name\":\"Home\",\"item\":\"https:\/\/www.pedagogia.it\/stripes\/\"},{\"@type\":\"ListItem\",\"position\":2,\"name\":\"Campus di Desio\"}]},{\"@type\":\"WebSite\",\"@id\":\"https:\/\/www.pedagogia.it\/stripes\/#website\",\"url\":\"https:\/\/www.pedagogia.it\/stripes\/\",\"name\":\"Stripes Cooperativa Sociale ONLUS\",\"description\":\"\",\"potentialAction\":[{\"@type\":\"SearchAction\",\"target\":{\"@type\":\"EntryPoint\",\"urlTemplate\":\"https:\/\/www.pedagogia.it\/stripes\/?s={search_term_string}\"},\"query-input\":{\"@type\":\"PropertyValueSpecification\",\"valueRequired\":true,\"valueName\":\"search_term_string\"}}],\"inLanguage\":\"it-IT\"}]}<\/script>\n<!-- \/ Yoast SEO plugin. -->","yoast_head_json":{"title":"Campus di Desio - Stripes Cooperativa Sociale ONLUS","robots":{"index":"index","follow":"follow","max-snippet":"max-snippet:-1","max-image-preview":"max-image-preview:large","max-video-preview":"max-video-preview:-1"},"canonical":"https:\/\/www.pedagogia.it\/stripes\/campus-di-desio\/","og_locale":"it_IT","og_type":"article","og_title":"Campus di Desio - Stripes Cooperativa Sociale ONLUS","og_url":"https:\/\/www.pedagogia.it\/stripes\/campus-di-desio\/","og_site_name":"Stripes Cooperativa Sociale ONLUS","article_modified_time":"2021-06-01T08:24:56+00:00","twitter_card":"summary_large_image","twitter_misc":{"Tempo di lettura stimato":"5 minuti"},"schema":{"@context":"https:\/\/schema.org","@graph":[{"@type":"WebPage","@id":"https:\/\/www.pedagogia.it\/stripes\/campus-di-desio\/","url":"https:\/\/www.pedagogia.it\/stripes\/campus-di-desio\/","name":"Campus di Desio - Stripes Cooperativa Sociale ONLUS","isPartOf":{"@id":"https:\/\/www.pedagogia.it\/stripes\/#website"},"datePublished":"2021-06-01T07:44:41+00:00","dateModified":"2021-06-01T08:24:56+00:00","breadcrumb":{"@id":"https:\/\/www.pedagogia.it\/stripes\/campus-di-desio\/#breadcrumb"},"inLanguage":"it-IT","potentialAction":[{"@type":"ReadAction","target":["https:\/\/www.pedagogia.it\/stripes\/campus-di-desio\/"]}]},{"@type":"BreadcrumbList","@id":"https:\/\/www.pedagogia.it\/stripes\/campus-di-desio\/#breadcrumb","itemListElement":[{"@type":"ListItem","position":1,"name":"Home","item":"https:\/\/www.pedagogia.it\/stripes\/"},{"@type":"ListItem","position":2,"name":"Campus di Desio"}]},{"@type":"WebSite","@id":"https:\/\/www.pedagogia.it\/stripes\/#website","url":"https:\/\/www.pedagogia.it\/stripes\/","name":"Stripes Cooperativa Sociale ONLUS","description":"","potentialAction":[{"@type":"SearchAction","target":{"@type":"EntryPoint","urlTemplate":"https:\/\/www.pedagogia.it\/stripes\/?s={search_term_string}"},"query-input":{"@type":"PropertyValueSpecification","valueRequired":true,"valueName":"search_term_string"}}],"inLanguage":"it-IT"}]}},"campaignId":"","_links":{"self":[{"href":"https:\/\/www.pedagogia.it\/stripes\/wp-json\/wp\/v2\/pages\/11071","targetHints":{"allow":["GET"]}}],"collection":[{"href":"https:\/\/www.pedagogia.it\/stripes\/wp-json\/wp\/v2\/pages"}],"about":[{"href":"https:\/\/www.pedagogia.it\/stripes\/wp-json\/wp\/v2\/types\/page"}],"author":[{"embeddable":true,"href":"https:\/\/www.pedagogia.it\/stripes\/wp-json\/wp\/v2\/users\/184"}],"replies":[{"embeddable":true,"href":"https:\/\/www.pedagogia.it\/stripes\/wp-json\/wp\/v2\/comments?post=11071"}],"version-history":[{"count":0,"href":"https:\/\/www.pedagogia.it\/stripes\/wp-json\/wp\/v2\/pages\/11071\/revisions"}],"wp:attachment":[{"href":"https:\/\/www.pedagogia.it\/stripes\/wp-json\/wp\/v2\/media?parent=11071"}],"wp:term":[{"taxonomy":"post_tag","embeddable":true,"href":"https:\/\/www.pedagogia.it\/stripes\/wp-json\/wp\/v2\/tags?post=11071"}],"curies":[{"name":"wp","href":"https:\/\/api.w.org\/{rel}","templated":true}]}}